[INFO] cloning repository https://github.com/ivanovaleksey/timbre
[INFO] running `Command { std: "git" "-c" "credential.helper=" "-c" "credential.helper=/workspace/cargo-home/bin/git-credential-null" "clone" "--bare" "https://github.com/ivanovaleksey/timbre" "/workspace/cache/git-repos/https%3A%2F%2Fgithub.com%2Fivanovaleksey%2Ftimbre", kill_on_drop: false }`
[INFO] [stderr] Cloning into bare repository '/workspace/cache/git-repos/https%3A%2F%2Fgithub.com%2Fivanovaleksey%2Ftimbre'...
[INFO] running `Command { std: "git" "rev-parse" "HEAD", kill_on_drop: false }`
[INFO] [stdout] f6897c32b3e991aee947e26e00d2d1bb95aded9b
[INFO] building ivanovaleksey/timbre against master#881c1ac408d93bb7adaa3a51dabab9266e82eee8 for issue-85264
[INFO] running `Command { std: "git" "clone" "/workspace/cache/git-repos/https%3A%2F%2Fgithub.com%2Fivanovaleksey%2Ftimbre" "/workspace/builds/worker-5/source", kill_on_drop: false }`
[INFO] [stderr] Cloning into '/workspace/builds/worker-5/source'...
[INFO] [stderr] done.
[INFO] validating manifest of git repo https://github.com/ivanovaleksey/timbre on toolchain 881c1ac408d93bb7adaa3a51dabab9266e82eee8
[INFO] running `Command { std: "/workspace/cargo-home/bin/cargo" "+881c1ac408d93bb7adaa3a51dabab9266e82eee8" "metadata" "--manifest-path" "Cargo.toml" "--no-deps", kill_on_drop: false }`
[INFO] started tweaking git repo https://github.com/ivanovaleksey/timbre
[INFO] finished tweaking git repo https://github.com/ivanovaleksey/timbre
[INFO] tweaked toml for git repo https://github.com/ivanovaleksey/timbre written to /workspace/builds/worker-5/source/Cargo.toml
[INFO] crate git repo https://github.com/ivanovaleksey/timbre already has a lockfile, it will not be regenerated
[INFO] running `Command { std: "/workspace/cargo-home/bin/cargo" "+881c1ac408d93bb7adaa3a51dabab9266e82eee8" "fetch" "--manifest-path" "Cargo.toml", kill_on_drop: false }`
[INFO] [stderr]     Blocking waiting for file lock on package cache
[INFO] [stderr]  Downloading crates ...
[INFO] [stderr]   Downloaded tokio-io v0.1.5
[INFO] [stderr]   Downloaded xdg v2.1.0
[INFO] [stderr]   Downloaded mime_guess v2.0.0-alpha.3
[INFO] [stderr]   Downloaded ears v0.4.0
[INFO] [stderr]   Downloaded crc v1.7.0
[INFO] [stderr]   Downloaded serde_json v1.0.9
[INFO] [stderr]   Downloaded diesel_derives v1.1.0
[INFO] [stderr]   Downloaded diesel v1.1.1
[INFO] [stderr]   Downloaded rustc-demangle v0.1.6
[INFO] [stderr]   Downloaded pango v0.3.0
[INFO] [stderr]   Downloaded build_const v0.2.0
[INFO] [stderr]   Downloaded tempdir v0.3.6
[INFO] [stderr]   Downloaded schannel v0.1.10
[INFO] [stderr]   Downloaded openssl-sys v0.9.25
[INFO] [stderr]   Downloaded glib-sys v0.5.0
[INFO] [stderr]   Downloaded gio v0.3.0
[INFO] [stderr]   Downloaded c_vec v1.2.1
[INFO] [stderr]   Downloaded cairo-rs v0.3.0
[INFO] [stderr]   Downloaded gdk-pixbuf-sys v0.5.0
[INFO] [stderr]   Downloaded gdk-pixbuf v0.3.0
[INFO] [stderr]   Downloaded gtk v0.3.0
[INFO] [stderr]   Downloaded pango-sys v0.5.0
[INFO] [stderr]   Downloaded gdk v0.7.0
[INFO] [stderr]   Downloaded atk-sys v0.5.0
[INFO] [stderr]   Downloaded gio-sys v0.5.0
[INFO] [stderr]   Downloaded gtk-sys v0.5.0
[INFO] [stderr]   Downloaded cairo-sys-rs v0.5.0
[INFO] [stderr]   Downloaded serde v1.0.26
[INFO] [stderr]   Downloaded futures v0.1.18
[INFO] [stderr]   Downloaded libsqlite3-sys v0.9.1
[INFO] [stderr]   Downloaded serde_derive v1.0.26
[INFO] [stderr]   Downloaded glib v0.4.0
[INFO] [stderr]   Downloaded gdk-sys v0.5.0
[INFO] [stderr]   Downloaded gobject-sys v0.5.0
[INFO] [stderr]   Downloaded libc v0.2.34
[INFO] [stderr]   Downloaded fuchsia-zircon-sys v0.3.2
[INFO] [stderr]   Downloaded fuchsia-zircon v0.3.2
[INFO] [stderr]   Downloaded rand v0.4.1
[INFO] [stderr]   Downloaded serde_derive_internals v0.18.1
[INFO] [stderr]   Downloaded tar v0.4.14
[INFO] [stderr]   Downloaded mio v0.6.13
[INFO] [stderr]   Downloaded hyper v0.11.18
[INFO] [stderr]   Downloaded num-traits v0.2.0
[INFO] [stderr]   Downloaded remove_dir_all v0.3.0
[INFO] [stderr]   Downloaded tokio-core v0.1.12
[INFO] [stderr]   Downloaded url v1.6.0
[INFO] running `Command { std: "docker" "create" "-v" "/var/lib/crater-agent-workspace/builds/worker-5/target:/opt/rustwide/target:rw,Z" "-v" "/var/lib/crater-agent-workspace/builds/worker-5/source:/opt/rustwide/workdir:ro,Z" "-v" "/var/lib/crater-agent-workspace/cargo-home:/opt/rustwide/cargo-home:ro,Z" "-v" "/var/lib/crater-agent-workspace/rustup-home:/opt/rustwide/rustup-home:ro,Z" "-e" "SOURCE_DIR=/opt/rustwide/workdir" "-e" "CARGO_TARGET_DIR=/opt/rustwide/target" "-e" "CARGO_HOME=/opt/rustwide/cargo-home" "-e" "RUSTUP_HOME=/opt/rustwide/rustup-home" "-w" "/opt/rustwide/workdir" "-m" "1610612736" "--user" "0:0" "--network" "none" "ghcr.io/rust-lang/crates-build-env/linux@sha256:20528e8c29e4536546f0102ce88568b16ea7538393a33fcca951030f7af10457" "/opt/rustwide/cargo-home/bin/cargo" "+881c1ac408d93bb7adaa3a51dabab9266e82eee8" "metadata" "--no-deps" "--format-version=1", kill_on_drop: false }`
[INFO] [stdout] fbb2ae61a040e8d7a5b9350ae7971a1f716a96f2bf46789ae44e328d64d47e99
[INFO] [stderr] WARNING: Your kernel does not support swap limit capabilities or the cgroup is not mounted. Memory limited without swap.
[INFO] running `Command { std: "docker" "start" "-a" "fbb2ae61a040e8d7a5b9350ae7971a1f716a96f2bf46789ae44e328d64d47e99", kill_on_drop: false }`
[INFO] running `Command { std: "docker" "inspect" "fbb2ae61a040e8d7a5b9350ae7971a1f716a96f2bf46789ae44e328d64d47e99", kill_on_drop: false }`
[INFO] running `Command { std: "docker" "rm" "-f" "fbb2ae61a040e8d7a5b9350ae7971a1f716a96f2bf46789ae44e328d64d47e99", kill_on_drop: false }`
[INFO] [stdout] fbb2ae61a040e8d7a5b9350ae7971a1f716a96f2bf46789ae44e328d64d47e99
[INFO] running `Command { std: "docker" "create" "-v" "/var/lib/crater-agent-workspace/builds/worker-5/target:/opt/rustwide/target:rw,Z" "-v" "/var/lib/crater-agent-workspace/builds/worker-5/source:/opt/rustwide/workdir:ro,Z" "-v" "/var/lib/crater-agent-workspace/cargo-home:/opt/rustwide/cargo-home:ro,Z" "-v" "/var/lib/crater-agent-workspace/rustup-home:/opt/rustwide/rustup-home:ro,Z" "-e" "SOURCE_DIR=/opt/rustwide/workdir" "-e" "CARGO_TARGET_DIR=/opt/rustwide/target" "-e" "CARGO_INCREMENTAL=0" "-e" "RUST_BACKTRACE=full" "-e" "RUSTFLAGS=--cap-lints=forbid" "-e" "CARGO_HOME=/opt/rustwide/cargo-home" "-e" "RUSTUP_HOME=/opt/rustwide/rustup-home" "-w" "/opt/rustwide/workdir" "-m" "1610612736" "--user" "0:0" "--network" "none" "ghcr.io/rust-lang/crates-build-env/linux@sha256:20528e8c29e4536546f0102ce88568b16ea7538393a33fcca951030f7af10457" "/opt/rustwide/cargo-home/bin/cargo" "+881c1ac408d93bb7adaa3a51dabab9266e82eee8" "build" "--frozen" "--message-format=json", kill_on_drop: false }`
[INFO] [stdout] 355a018183d506df6c1fc0a1607b0f33d2d3735a7ce527649ca36f2637a595ec
[INFO] [stderr] WARNING: Your kernel does not support swap limit capabilities or the cgroup is not mounted. Memory limited without swap.
[INFO] running `Command { std: "docker" "start" "-a" "355a018183d506df6c1fc0a1607b0f33d2d3735a7ce527649ca36f2637a595ec", kill_on_drop: false }`
[INFO] [stderr]    Compiling pkg-config v0.3.9
[INFO] [stderr]    Compiling libc v0.2.34
[INFO] [stderr]    Compiling version_check v0.1.3
[INFO] [stderr]    Compiling cfg-if v0.1.2
[INFO] [stderr]    Compiling bitflags v1.0.1
[INFO] [stderr]    Compiling lazy_static v0.2.11
[INFO] [stderr]    Compiling byteorder v1.2.1
[INFO] [stderr]    Compiling lazycell v0.6.0
[INFO] [stderr]    Compiling slab v0.3.0
[INFO] [stderr]    Compiling slab v0.4.0
[INFO] [stderr]    Compiling openssl v0.9.24
[INFO] [stderr]    Compiling lazy_static v1.0.0
[INFO] [stderr]    Compiling build_const v0.2.0
[INFO] [stderr]    Compiling bitflags v0.9.1
[INFO] [stderr]    Compiling matches v0.1.6
[INFO] [stderr]    Compiling unicode-normalization v0.1.5
[INFO] [stderr]    Compiling smallvec v0.2.1
[INFO] [stderr]    Compiling serde v1.0.26
[INFO] [stderr]    Compiling safemem v0.2.0
[INFO] [stderr]    Compiling take v0.1.0
[INFO] [stderr]    Compiling gio v0.3.0
[INFO] [stderr]    Compiling httparse v1.2.4
[INFO] [stderr]    Compiling gdk-pixbuf v0.3.0
[INFO] [stderr]    Compiling cairo-rs v0.3.0
[INFO] [stderr]    Compiling ears v0.4.0
[INFO] [stderr]    Compiling c_vec v1.2.1
[INFO] [stderr]    Compiling gdk v0.7.0
[INFO] [stderr]    Compiling rustc-demangle v0.1.6
[INFO] [stderr]    Compiling gtk v0.3.0
[INFO] [stderr]    Compiling num-integer v0.1.36
[INFO] [stderr]    Compiling log v0.4.1
[INFO] [stderr]    Compiling encoding_rs v0.7.2
[INFO] [stderr]    Compiling unicode-bidi v0.3.4
[INFO] [stderr]    Compiling crc v1.7.0
[INFO] [stderr]    Compiling base64 v0.9.0
[INFO] [stderr]    Compiling backtrace-sys v0.1.16
[INFO] [stderr]    Compiling syn v0.11.11
[INFO] [stderr]    Compiling rand v0.4.1
[INFO] [stderr]    Compiling iovec v0.1.2
[INFO] [stderr]    Compiling net2 v0.2.31
[INFO] [stderr]    Compiling time v0.1.39
[INFO] [stderr]    Compiling num_cpus v1.8.0
[INFO] [stderr]    Compiling xattr v0.1.11
[INFO] [stderr]    Compiling filetime v0.1.15
[INFO] [stderr]    Compiling unicase v1.4.2
[INFO] [stderr]    Compiling unicase v2.1.0
[INFO] [stderr]    Compiling num-iter v0.1.35
[INFO] [stderr]    Compiling log v0.3.9
[INFO] [stderr]    Compiling bytes v0.4.6
[INFO] [stderr]    Compiling futures-cpupool v0.1.8
[INFO] [stderr]    Compiling glib-sys v0.5.0
[INFO] [stderr]    Compiling gobject-sys v0.5.0
[INFO] [stderr]    Compiling gio-sys v0.5.0
[INFO] [stderr]    Compiling cairo-sys-rs v0.5.0
[INFO] [stderr]    Compiling gdk-pixbuf-sys v0.5.0
[INFO] [stderr]    Compiling pango-sys v0.5.0
[INFO] [stderr]    Compiling openssl-sys v0.9.25
[INFO] [stderr]    Compiling gdk-sys v0.5.0
[INFO] [stderr]    Compiling atk-sys v0.5.0
[INFO] [stderr]    Compiling gtk-sys v0.5.0
[INFO] [stderr]    Compiling libsqlite3-sys v0.9.1
[INFO] [stderr]    Compiling idna v0.1.4
[INFO] [stderr]    Compiling num v0.1.42
[INFO] [stderr]    Compiling tar v0.4.14
[INFO] [stderr]    Compiling mio v0.6.13
[INFO] [stderr]    Compiling rand v0.3.22
[INFO] [stderr]    Compiling tokio-io v0.1.5
[INFO] [stderr]    Compiling chrono v0.4.0
[INFO] [stderr]    Compiling uuid v0.5.1
[INFO] [stderr]    Compiling phf_shared v0.7.21
[INFO] [stderr]    Compiling libflate v0.1.14
[INFO] [stderr]    Compiling mime v0.3.5
[INFO] [stderr]    Compiling phf_generator v0.7.21
[INFO] [stderr]    Compiling phf v0.7.21
[INFO] [stderr]    Compiling synstructure v0.6.1
[INFO] [stderr]    Compiling serde_derive_internals v0.18.1
[INFO] [stderr]    Compiling phf_codegen v0.7.21
[INFO] [stderr]    Compiling tokio-core v0.1.12
[INFO] [stderr]    Compiling url v1.6.0
[INFO] [stderr] error: failed to run custom build command for `openssl-sys v0.9.25`
[INFO] [stderr] 
[INFO] [stderr] Caused by:
[INFO] [stderr]   process didn't exit successfully: `/opt/rustwide/target/debug/build/openssl-sys-eb32924cafa236cc/build-script-build` (exit status: 101)
[INFO] [stderr]   --- stdout
[INFO] [stderr]   cargo:rerun-if-env-changed=X86_64_UNKNOWN_LINUX_GNU_OPENSSL_LIB_DIR
[INFO] [stderr]   cargo:rerun-if-env-changed=OPENSSL_LIB_DIR
[INFO] [stderr]   cargo:rerun-if-env-changed=X86_64_UNKNOWN_LINUX_GNU_OPENSSL_INCLUDE_DIR
[INFO] [stderr]   cargo:rerun-if-env-changed=OPENSSL_INCLUDE_DIR
[INFO] [stderr]   cargo:rerun-if-env-changed=X86_64_UNKNOWN_LINUX_GNU_OPENSSL_DIR
[INFO] [stderr]   cargo:rerun-if-env-changed=OPENSSL_DIR
[INFO] [stderr]   cargo:rustc-link-lib=ssl
[INFO] [stderr]   cargo:rustc-link-lib=crypto
[INFO] [stderr]   OPT_LEVEL = Some("0")
[INFO] [stderr]   TARGET = Some("x86_64-unknown-linux-gnu")
[INFO] [stderr]   HOST = Some("x86_64-unknown-linux-gnu")
[INFO] [stderr]   TARGET = Some("x86_64-unknown-linux-gnu")
[INFO] [stderr]   TARGET = Some("x86_64-unknown-linux-gnu")
[INFO] [stderr]   HOST = Some("x86_64-unknown-linux-gnu")
[INFO] [stderr]   CC_x86_64-unknown-linux-gnu = None
[INFO] [stderr]   CC_x86_64_unknown_linux_gnu = None
[INFO] [stderr]   HOST_CC = None
[INFO] [stderr]   CC = None
[INFO] [stderr]   HOST = Some("x86_64-unknown-linux-gnu")
[INFO] [stderr]   TARGET = Some("x86_64-unknown-linux-gnu")
[INFO] [stderr]   HOST = Some("x86_64-unknown-linux-gnu")
[INFO] [stderr]   CFLAGS_x86_64-unknown-linux-gnu = None
[INFO] [stderr]   CFLAGS_x86_64_unknown_linux_gnu = None
[INFO] [stderr]   HOST_CFLAGS = None
[INFO] [stderr]   CFLAGS = None
[INFO] [stderr]   DEBUG = Some("true")
[INFO] [stderr]   running: "cc" "-O0" "-ffunction-sections" "-fdata-sections" "-fPIC" "-g" "-m64" "-Wall" "-Wextra" "-E" "/opt/rustwide/target/debug/build/openssl-sys-3b11bb602a6b695c/out/expando.c"
[INFO] [stderr]   exit status: 0
[INFO] [stderr]   cargo:rustc-cfg=osslconf="OPENSSL_NO_SSL3_METHOD"
[INFO] [stderr]   cargo:conf=OPENSSL_NO_SSL3_METHOD
[INFO] [stderr] 
[INFO] [stderr]   --- stderr
[INFO] [stderr]   thread 'main' panicked at '
[INFO] [stderr] 
[INFO] [stderr]   This crate is only compatible with OpenSSL 1.0.1, 1.0.2, and 1.1.0, or LibreSSL
[INFO] [stderr]   2.5 and 2.6.0, but a different version of OpenSSL was found. The build is now
[INFO] [stderr]   aborting due to this version mismatch.
[INFO] [stderr] 
[INFO] [stderr]   ', /opt/rustwide/cargo-home/registry/src/github.com-1ecc6299db9ec823/openssl-sys-0.9.25/build.rs:493:9
[INFO] [stderr]   stack backtrace:
[INFO] [stderr]      0:     0x56082a32e0d0 - std::backtrace_rs::backtrace::libunwind::trace::hdcf4f90f85129e83
[INFO] [stderr]                                  at /rustc/881c1ac408d93bb7adaa3a51dabab9266e82eee8/library/std/src/../../backtrace/src/backtrace/libunwind.rs:90:5
[INFO] [stderr]      1:     0x56082a32e0d0 - std::backtrace_rs::backtrace::trace_unsynchronized::h2669e30cb82f6732
[INFO] [stderr]                                  at /rustc/881c1ac408d93bb7adaa3a51dabab9266e82eee8/library/std/src/../../backtrace/src/backtrace/mod.rs:66:5
[INFO] [stderr]      2:     0x56082a32e0d0 - std::sys_common::backtrace::_print_fmt::hfbda19e17f6db318
[INFO] [stderr]                                  at /rustc/881c1ac408d93bb7adaa3a51dabab9266e82eee8/library/std/src/sys_common/backtrace.rs:67:5
[INFO] [stderr]      3:     0x56082a32e0d0 - <std::sys_common::backtrace::_print::DisplayBacktrace as core::fmt::Display>::fmt::h1a8751bf59281272
[INFO] [stderr]                                  at /rustc/881c1ac408d93bb7adaa3a51dabab9266e82eee8/library/std/src/sys_common/backtrace.rs:46:22
[INFO] [stderr]      4:     0x56082a34d54f - core::fmt::write::h7aa6cd0067dca82a
[INFO] [stderr]                                  at /rustc/881c1ac408d93bb7adaa3a51dabab9266e82eee8/library/core/src/fmt/mod.rs:1094:17
[INFO] [stderr]      5:     0x56082a32b455 - std::io::Write::write_fmt::hd7dd3a1df9b6befb
[INFO] [stderr]                                  at /rustc/881c1ac408d93bb7adaa3a51dabab9266e82eee8/library/std/src/io/mod.rs:1584:15
[INFO] [stderr]      6:     0x56082a3301db - std::sys_common::backtrace::_print::h551e9ec8a9fa8106
[INFO] [stderr]                                  at /rustc/881c1ac408d93bb7adaa3a51dabab9266e82eee8/library/std/src/sys_common/backtrace.rs:49:5
[INFO] [stderr]      7:     0x56082a3301db - std::sys_common::backtrace::print::ha4b1c5e95fa040b3
[INFO] [stderr]                                  at /rustc/881c1ac408d93bb7adaa3a51dabab9266e82eee8/library/std/src/sys_common/backtrace.rs:36:9
[INFO] [stderr]      8:     0x56082a3301db - std::panicking::default_hook::{{closure}}::h0b34c9ab7fb9f857
[INFO] [stderr]                                  at /rustc/881c1ac408d93bb7adaa3a51dabab9266e82eee8/library/std/src/panicking.rs:208:50
[INFO] [stderr]      9:     0x56082a32fcbd - std::panicking::default_hook::h3067e8318decd17a
[INFO] [stderr]                                  at /rustc/881c1ac408d93bb7adaa3a51dabab9266e82eee8/library/std/src/panicking.rs:225:9
[INFO] [stderr]     10:     0x56082a33078d - std::panicking::rust_panic_with_hook::h81b8facc50f34daa
[INFO] [stderr]                                  at /rustc/881c1ac408d93bb7adaa3a51dabab9266e82eee8/library/std/src/panicking.rs:591:17
[INFO] [stderr]     11:     0x56082a30a8b3 - std::panicking::begin_panic::{{closure}}::hc6ebef65b0e826d6
[INFO] [stderr]                                  at /rustc/881c1ac408d93bb7adaa3a51dabab9266e82eee8/library/std/src/panicking.rs:520:9
[INFO] [stderr]     12:     0x56082a2f6309 - std::sys_common::backtrace::__rust_end_short_backtrace::h01bde3b77f772a3d
[INFO] [stderr]                                  at /rustc/881c1ac408d93bb7adaa3a51dabab9266e82eee8/library/std/src/sys_common/backtrace.rs:141:18
[INFO] [stderr]     13:     0x56082a30a7e9 - std::panicking::begin_panic::h88e4501ef3c36631
[INFO] [stderr]                                  at /rustc/881c1ac408d93bb7adaa3a51dabab9266e82eee8/library/std/src/panicking.rs:519:12
[INFO] [stderr]     14:     0x56082a2bab41 - build_script_build::validate_headers::ha307451106241043
[INFO] [stderr]                                  at /opt/rustwide/cargo-home/registry/src/github.com-1ecc6299db9ec823/openssl-sys-0.9.25/build.rs:493:9
[INFO] [stderr]     15:     0x56082a2b8dc3 - build_script_build::try_pkg_config::h8a3c33057290d773
[INFO] [stderr]                                  at /opt/rustwide/cargo-home/registry/src/github.com-1ecc6299db9ec823/openssl-sys-0.9.25/build.rs:245:5
[INFO] [stderr]     16:     0x56082a2b7f01 - build_script_build::find_openssl_dir::hcf646b98b5562939
[INFO] [stderr]                                  at /opt/rustwide/cargo-home/registry/src/github.com-1ecc6299db9ec823/openssl-sys-0.9.25/build.rs:121:5
[INFO] [stderr]     17:     0x56082a2b7bc3 - build_script_build::main::{{closure}}::h8f4d86cc33da0d0b
[INFO] [stderr]                                  at /opt/rustwide/cargo-home/registry/src/github.com-1ecc6299db9ec823/openssl-sys-0.9.25/build.rs:59:64
[INFO] [stderr]     18:     0x56082a2bce2b - core::option::Option<T>::unwrap_or_else::hd97863415098356b
[INFO] [stderr]                                  at /rustc/881c1ac408d93bb7adaa3a51dabab9266e82eee8/library/core/src/option.rs:427:21
[INFO] [stderr]     19:     0x56082a2b6a87 - build_script_build::main::h8cb79d7995af250f
[INFO] [stderr]                                  at /opt/rustwide/cargo-home/registry/src/github.com-1ecc6299db9ec823/openssl-sys-0.9.25/build.rs:59:27
[INFO] [stderr]     20:     0x56082a2c01ab - core::ops::function::FnOnce::call_once::h122fd5bd805fb445
[INFO] [stderr]                                  at /rustc/881c1ac408d93bb7adaa3a51dabab9266e82eee8/library/core/src/ops/function.rs:227:5
[INFO] [stderr]     21:     0x56082a2c674e - std::sys_common::backtrace::__rust_begin_short_backtrace::h0f26fea5dc8a8550
[INFO] [stderr]                                  at /rustc/881c1ac408d93bb7adaa3a51dabab9266e82eee8/library/std/src/sys_common/backtrace.rs:125:18
[INFO] [stderr]     22:     0x56082a2bfca1 - std::rt::lang_start::{{closure}}::hc3f948bf191e17ed
[INFO] [stderr]                                  at /rustc/881c1ac408d93bb7adaa3a51dabab9266e82eee8/library/std/src/rt.rs:49:18
[INFO] [stderr]     23:     0x56082a330b8a - core::ops::function::impls::<impl core::ops::function::FnOnce<A> for &F>::call_once::h3b8c329143d7638a
[INFO] [stderr]                                  at /rustc/881c1ac408d93bb7adaa3a51dabab9266e82eee8/library/core/src/ops/function.rs:259:13
[INFO] [stderr]     24:     0x56082a330b8a - std::panicking::try::do_call::h4b72c261b4eefc1b
[INFO] [stderr]                                  at /rustc/881c1ac408d93bb7adaa3a51dabab9266e82eee8/library/std/src/panicking.rs:379:40
[INFO] [stderr]     25:     0x56082a330b8a - std::panicking::try::h703d31b7896cbd49
[INFO] [stderr]                                  at /rustc/881c1ac408d93bb7adaa3a51dabab9266e82eee8/library/std/src/panicking.rs:343:19
[INFO] [stderr]     26:     0x56082a330b8a - std::panic::catch_unwind::h37cad9b35388a915
[INFO] [stderr]                                  at /rustc/881c1ac408d93bb7adaa3a51dabab9266e82eee8/library/std/src/panic.rs:431:14
[INFO] [stderr]     27:     0x56082a330b8a - std::rt::lang_start_internal::hab5a8a909af4f90e
[INFO] [stderr]                                  at /rustc/881c1ac408d93bb7adaa3a51dabab9266e82eee8/library/std/src/rt.rs:34:21
[INFO] [stderr]     28:     0x56082a2bfc80 - std::rt::lang_start::he7ce618ebdc2b1ce
[INFO] [stderr]                                  at /rustc/881c1ac408d93bb7adaa3a51dabab9266e82eee8/library/std/src/rt.rs:48:5
[INFO] [stderr]     29:     0x56082a2bbbec - main
[INFO] [stderr]     30:     0x7f762f79a0b3 - __libc_start_main
[INFO] [stderr]     31:     0x56082a2b29be - _start
[INFO] [stderr]     32:                0x0 - <unknown>
[INFO] [stderr] warning: build failed, waiting for other jobs to finish...
[INFO] [stdout] error: linking with `cc` failed: exit status: 1
[INFO] [stdout]   |
[INFO] [stdout]   = note: "cc" "-m64" "-Wl,--eh-frame-hdr" "-Wl,-znoexecstack" "-Wl,--as-needed" "-L" "/opt/rustwide/rustup-home/toolchains/881c1ac408d93bb7adaa3a51dabab9266e82eee8/lib/rustlib/x86_64-unknown-linux-gnu/lib" "/opt/rustwide/target/debug/deps/ears-d779d2af4d219d07.ears.ack1dt67-cgu.0.rcgu.o" "/opt/rustwide/target/debug/deps/ears-d779d2af4d219d07.ears.ack1dt67-cgu.1.rcgu.o" "/opt/rustwide/target/debug/deps/ears-d779d2af4d219d07.ears.ack1dt67-cgu.10.rcgu.o" "/opt/rustwide/target/debug/deps/ears-d779d2af4d219d07.ears.ack1dt67-cgu.11.rcgu.o" "/opt/rustwide/target/debug/deps/ears-d779d2af4d219d07.ears.ack1dt67-cgu.12.rcgu.o" "/opt/rustwide/target/debug/deps/ears-d779d2af4d219d07.ears.ack1dt67-cgu.13.rcgu.o" "/opt/rustwide/target/debug/deps/ears-d779d2af4d219d07.ears.ack1dt67-cgu.14.rcgu.o" "/opt/rustwide/target/debug/deps/ears-d779d2af4d219d07.ears.ack1dt67-cgu.15.rcgu.o" "/opt/rustwide/target/debug/deps/ears-d779d2af4d219d07.ears.ack1dt67-cgu.2.rcgu.o" "/opt/rustwide/target/debug/deps/ears-d779d2af4d219d07.ears.ack1dt67-cgu.3.rcgu.o" "/opt/rustwide/target/debug/deps/ears-d779d2af4d219d07.ears.ack1dt67-cgu.4.rcgu.o" "/opt/rustwide/target/debug/deps/ears-d779d2af4d219d07.ears.ack1dt67-cgu.5.rcgu.o" "/opt/rustwide/target/debug/deps/ears-d779d2af4d219d07.ears.ack1dt67-cgu.6.rcgu.o" "/opt/rustwide/target/debug/deps/ears-d779d2af4d219d07.ears.ack1dt67-cgu.7.rcgu.o" "/opt/rustwide/target/debug/deps/ears-d779d2af4d219d07.ears.ack1dt67-cgu.8.rcgu.o" "/opt/rustwide/target/debug/deps/ears-d779d2af4d219d07.ears.ack1dt67-cgu.9.rcgu.o" "-o" "/opt/rustwide/target/debug/deps/libears-d779d2af4d219d07.so" "-Wl,--version-script=/tmp/rustcbXcpXR/list" "/opt/rustwide/target/debug/deps/ears-d779d2af4d219d07.lh22f6d8l63bdd6.rcgu.o" "-shared" "-Wl,-zrelro" "-Wl,-znow" "-nodefaultlibs" "-L" "/opt/rustwide/target/debug/deps" "-L" "/usr/local/opt/openal-soft/lib" "-L" "/usr/local/lib" "-L" "/opt/rustwide/rustup-home/toolchains/881c1ac408d93bb7adaa3a51dabab9266e82eee8/lib/rustlib/x86_64-unknown-linux-gnu/lib" "-lopenal" "-lsndfile" "-Wl,-Bstatic" "-Wl,--whole-archive" "/tmp/rustcbXcpXR/liblazy_static-dbe219c565973cc2.rlib" "-Wl,--no-whole-archive" "-Wl,--whole-archive" "/tmp/rustcbXcpXR/liblibc-b20586c299e0ab06.rlib" "-Wl,--no-whole-archive" "-Wl,--start-group" "-L" "/opt/rustwide/rustup-home/toolchains/881c1ac408d93bb7adaa3a51dabab9266e82eee8/lib/rustlib/x86_64-unknown-linux-gnu/lib" "-Wl,-Bdynamic" "-lstd-c6dddd3d354e6bea" "-Wl,--end-group" "-Wl,-Bstatic" "/tmp/rustcbXcpXR/libcompiler_builtins-8b33f9cbbc9652fe.rlib" "-Wl,-Bdynamic" "-lutil" "-lgcc_s" "-lutil" "-lrt" "-lpthread" "-lm" "-ldl" "-lc"
[INFO] [stdout]   = note: /usr/bin/ld: cannot find -lsndfile
[INFO] [stdout]           collect2: error: ld returned 1 exit status
[INFO] [stdout]           
[INFO] [stdout] 
[INFO] [stdout] 
[INFO] [stdout] error: aborting due to previous error
[INFO] [stdout] 
[INFO] [stdout] 
[INFO] [stdout] error[E0713]: borrow may still be in use when destructor runs
[INFO] [stdout]    --> /opt/rustwide/cargo-home/registry/src/github.com-1ecc6299db9ec823/url-1.6.0/src/form_urlencoded.rs:261:40
[INFO] [stdout]     |
[INFO] [stdout] 259 | impl<'a> Target for ::UrlQuery<'a> {
[INFO] [stdout]     |      -- lifetime `'a` defined here
[INFO] [stdout] 260 |     fn as_mut_string(&mut self) -> &mut String { &mut self.url.serialization }
[INFO] [stdout] 261 |     fn finish(self) -> &'a mut ::Url { self.url }
[INFO] [stdout]     |                                        ^^^^^^^^ - here, drop of `self` needs exclusive access to `*self.url`, because the type `UrlQuery<'_>` implements the `Drop` trait
[INFO] [stdout]     |                                        |
[INFO] [stdout]     |                                        returning this value requires that `*self.url` is borrowed for `'a`
[INFO] [stdout] 
[INFO] [stdout] 
[INFO] [stdout] error: aborting due to previous error
[INFO] [stdout] 
[INFO] [stdout] 
[INFO] [stdout] For more information about this error, try `rustc --explain E0713`.
[INFO] [stdout] 
[INFO] [stderr] error: build failed
[INFO] running `Command { std: "docker" "inspect" "355a018183d506df6c1fc0a1607b0f33d2d3735a7ce527649ca36f2637a595ec", kill_on_drop: false }`
[INFO] running `Command { std: "docker" "rm" "-f" "355a018183d506df6c1fc0a1607b0f33d2d3735a7ce527649ca36f2637a595ec", kill_on_drop: false }`
[INFO] [stdout] 355a018183d506df6c1fc0a1607b0f33d2d3735a7ce527649ca36f2637a595ec
